{"id":10390,"date":"2026-03-09T08:28:54","date_gmt":"2026-03-09T07:28:54","guid":{"rendered":"https:\/\/www.immobil-niederkofler.it\/?page_id=10390"},"modified":"2026-03-09T08:28:56","modified_gmt":"2026-03-09T07:28:56","slug":"10390-2","status":"publish","type":"page","link":"https:\/\/www.immobil-niederkofler.it\/de\/10390-2\/","title":{"rendered":""},"content":{"rendered":"\n<div class=\"xrow neaubau-project \">\n\n    <div class=\"neaubau-project__card-house card-house\">            <div class=\"card-house__img card-house__img_project\">\n            <img decoding=\"async\" src=\"https:\/\/acnaayzuen.cloudimg.io\/crop\/705x470\/q90\/https:\/\/image.onoffice.de\/smart20\/Objekte\/ImmobilienNiederkofler\/39407\/18ff4c18-578a-463d-981c-6ac73643d03f.jpg@x\"\n                 alt=\"KAPUZINERPARK\">\n        <\/div>\n            \n    <div class=\"card-house__description\">\n        <div class=\"title-with-lines\">\n            <div class=\"title-with-lines__content title-with-lines__content_indents-medium new-buildiung-projects\">\n                <h2>KAPUZINERPARK<\/h2>\n            <\/div>\n            <div class=\"title-with-lines__line\"><\/div>\n        <\/div>\n        <div class=\"wrap-before-title justify-content-center\">\n            <h3 class=\"location location_project\">\n                <i class=\"fa fa-map-marker\" aria-hidden=\"true\"><\/i>Bruneck            <\/h3>\n            <div class=\"info-wrapper info-wrapper_project\">\n                <div class=\"info-wrapper__description info-wrapper__description_project\">\n                    \n                                                                                                                    <\/div>\n            <\/div>\n        <\/div>\n    <\/div>\n<\/div>\n<div class=\"immobilien-list__pagination row\">\n    <div class=\"wrap-pagination\">\n        <nav aria-label=\"Page navigation example\">\n                    <\/nav>\n    <\/div>\n<\/div>\n\n\n\n\n<p><\/p>\n","protected":false},"excerpt":{"rendered":"","protected":false},"author":4,"featured_media":0,"parent":0,"menu_order":0,"comment_status":"closed","ping_status":"closed","template":"","meta":{"_acf_changed":false,"_monsterinsights_skip_tracking":false,"_monsterinsights_sitenote_active":false,"_monsterinsights_sitenote_note":"","_monsterinsights_sitenote_category":0,"footnotes":""},"class_list":["post-10390","page","type-page","status-publish","hentry"],"acf":[],"yoast_head":"<!-- This site is optimized with the Yoast SEO plugin v27.4 - https:\/\/yoast.com\/product\/yoast-seo-wordpress\/ -->\n<title>- Immobilien Niederkofler<\/title>\n<meta name=\"robots\" content=\"index, follow, max-snippet:-1, max-image-preview:large, max-video-preview:-1\" \/>\n<link rel=\"canonical\" href=\"https:\/\/www.immobil-niederkofler.it\/de\/10390-2\/\" \/>\n<meta property=\"og:locale\" content=\"de_DE\" \/>\n<meta property=\"og:type\" content=\"article\" \/>\n<meta property=\"og:title\" content=\"- Immobilien Niederkofler\" \/>\n<meta property=\"og:url\" content=\"https:\/\/www.immobil-niederkofler.it\/de\/10390-2\/\" \/>\n<meta property=\"og:site_name\" content=\"Immobilien Niederkofler\" \/>\n<meta property=\"article:publisher\" content=\"https:\/\/de-de.facebook.com\/ImmobilienNiederkofler\/\" \/>\n<meta property=\"article:modified_time\" content=\"2026-03-09T07:28:56+00:00\" \/>\n<meta property=\"og:image\" content=\"https:\/\/www.immobil-niederkofler.it\/wp-content\/uploads\/2020\/04\/logo.png\" \/>\n\t<meta property=\"og:image:width\" content=\"121\" \/>\n\t<meta property=\"og:image:height\" content=\"118\" \/>\n\t<meta property=\"og:image:type\" content=\"image\/png\" \/>\n<meta name=\"twitter:card\" content=\"summary_large_image\" \/>\n<script type=\"application\/ld+json\" class=\"yoast-schema-graph\">{\"@context\":\"https:\\\/\\\/schema.org\",\"@graph\":[{\"@type\":\"WebPage\",\"@id\":\"https:\\\/\\\/www.immobil-niederkofler.it\\\/de\\\/10390-2\\\/\",\"url\":\"https:\\\/\\\/www.immobil-niederkofler.it\\\/de\\\/10390-2\\\/\",\"name\":\"- Immobilien Niederkofler\",\"isPartOf\":{\"@id\":\"https:\\\/\\\/www.immobil-niederkofler.it\\\/de\\\/#website\"},\"datePublished\":\"2026-03-09T07:28:54+00:00\",\"dateModified\":\"2026-03-09T07:28:56+00:00\",\"breadcrumb\":{\"@id\":\"https:\\\/\\\/www.immobil-niederkofler.it\\\/de\\\/10390-2\\\/#breadcrumb\"},\"inLanguage\":\"de\",\"potentialAction\":[{\"@type\":\"ReadAction\",\"target\":[\"https:\\\/\\\/www.immobil-niederkofler.it\\\/de\\\/10390-2\\\/\"]}]},{\"@type\":\"BreadcrumbList\",\"@id\":\"https:\\\/\\\/www.immobil-niederkofler.it\\\/de\\\/10390-2\\\/#breadcrumb\",\"itemListElement\":[]},{\"@type\":\"WebSite\",\"@id\":\"https:\\\/\\\/www.immobil-niederkofler.it\\\/de\\\/#website\",\"url\":\"https:\\\/\\\/www.immobil-niederkofler.it\\\/de\\\/\",\"name\":\"Immobilien Niederkofler\",\"description\":\"Willkommen bei Immobilien Niederkofler, Ihrem zuverl\u00e4ssigen und kompetenten Immobilienmakler im sch\u00f6nen S\u00fcdtirol\",\"potentialAction\":[{\"@type\":\"SearchAction\",\"target\":{\"@type\":\"EntryPoint\",\"urlTemplate\":\"https:\\\/\\\/www.immobil-niederkofler.it\\\/de\\\/?s={search_term_string}\"},\"query-input\":{\"@type\":\"PropertyValueSpecification\",\"valueRequired\":true,\"valueName\":\"search_term_string\"}}],\"inLanguage\":\"de\"}]}<\/script>\n<!-- \/ Yoast SEO plugin. -->","yoast_head_json":{"title":"- Immobilien Niederkofler","robots":{"index":"index","follow":"follow","max-snippet":"max-snippet:-1","max-image-preview":"max-image-preview:large","max-video-preview":"max-video-preview:-1"},"canonical":"https:\/\/www.immobil-niederkofler.it\/de\/10390-2\/","og_locale":"de_DE","og_type":"article","og_title":"- Immobilien Niederkofler","og_url":"https:\/\/www.immobil-niederkofler.it\/de\/10390-2\/","og_site_name":"Immobilien Niederkofler","article_publisher":"https:\/\/de-de.facebook.com\/ImmobilienNiederkofler\/","article_modified_time":"2026-03-09T07:28:56+00:00","og_image":[{"width":121,"height":118,"url":"https:\/\/www.immobil-niederkofler.it\/wp-content\/uploads\/2020\/04\/logo.png","type":"image\/png"}],"twitter_card":"summary_large_image","schema":{"@context":"https:\/\/schema.org","@graph":[{"@type":"WebPage","@id":"https:\/\/www.immobil-niederkofler.it\/de\/10390-2\/","url":"https:\/\/www.immobil-niederkofler.it\/de\/10390-2\/","name":"- Immobilien Niederkofler","isPartOf":{"@id":"https:\/\/www.immobil-niederkofler.it\/de\/#website"},"datePublished":"2026-03-09T07:28:54+00:00","dateModified":"2026-03-09T07:28:56+00:00","breadcrumb":{"@id":"https:\/\/www.immobil-niederkofler.it\/de\/10390-2\/#breadcrumb"},"inLanguage":"de","potentialAction":[{"@type":"ReadAction","target":["https:\/\/www.immobil-niederkofler.it\/de\/10390-2\/"]}]},{"@type":"BreadcrumbList","@id":"https:\/\/www.immobil-niederkofler.it\/de\/10390-2\/#breadcrumb","itemListElement":[]},{"@type":"WebSite","@id":"https:\/\/www.immobil-niederkofler.it\/de\/#website","url":"https:\/\/www.immobil-niederkofler.it\/de\/","name":"Immobilien Niederkofler","description":"Willkommen bei Immobilien Niederkofler, Ihrem zuverl\u00e4ssigen und kompetenten Immobilienmakler im sch\u00f6nen S\u00fcdtirol","potentialAction":[{"@type":"SearchAction","target":{"@type":"EntryPoint","urlTemplate":"https:\/\/www.immobil-niederkofler.it\/de\/?s={search_term_string}"},"query-input":{"@type":"PropertyValueSpecification","valueRequired":true,"valueName":"search_term_string"}}],"inLanguage":"de"}]}},"_links":{"self":[{"href":"https:\/\/www.immobil-niederkofler.it\/de\/wp-json\/wp\/v2\/pages\/10390","targetHints":{"allow":["GET"]}}],"collection":[{"href":"https:\/\/www.immobil-niederkofler.it\/de\/wp-json\/wp\/v2\/pages"}],"about":[{"href":"https:\/\/www.immobil-niederkofler.it\/de\/wp-json\/wp\/v2\/types\/page"}],"author":[{"embeddable":true,"href":"https:\/\/www.immobil-niederkofler.it\/de\/wp-json\/wp\/v2\/users\/4"}],"replies":[{"embeddable":true,"href":"https:\/\/www.immobil-niederkofler.it\/de\/wp-json\/wp\/v2\/comments?post=10390"}],"version-history":[{"count":1,"href":"https:\/\/www.immobil-niederkofler.it\/de\/wp-json\/wp\/v2\/pages\/10390\/revisions"}],"predecessor-version":[{"id":10391,"href":"https:\/\/www.immobil-niederkofler.it\/de\/wp-json\/wp\/v2\/pages\/10390\/revisions\/10391"}],"wp:attachment":[{"href":"https:\/\/www.immobil-niederkofler.it\/de\/wp-json\/wp\/v2\/media?parent=10390"}],"curies":[{"name":"wp","href":"https:\/\/api.w.org\/{rel}","templated":true}]}}

<!-- This site is optimized with the Yoast SEO plugin v27.4 - https://yoast.com/product/yoast-seo-wordpress/ -->
<title>- Immobilien Niederkofler</title>
<meta name="robots" content="index, follow, max-snippet:-1, max-image-preview:large, max-video-preview:-1" />
<link rel="canonical" href="https://www.immobil-niederkofler.it/de/10390-2/" />
<meta property="og:locale" content="de_DE" />
<meta property="og:type" content="article" />
<meta property="og:title" content="- Immobilien Niederkofler" />
<meta property="og:url" content="https://www.immobil-niederkofler.it/de/10390-2/" />
<meta property="og:site_name" content="Immobilien Niederkofler" />
<meta property="article:publisher" content="https://de-de.facebook.com/ImmobilienNiederkofler/" />
<meta property="article:modified_time" content="2026-03-09T07:28:56+00:00" />
<meta property="og:image" content="https://www.immobil-niederkofler.it/wp-content/uploads/2020/04/logo.png" />
	<meta property="og:image:width" content="121" />
	<meta property="og:image:height" content="118" />
	<meta property="og:image:type" content="image/png" />
<meta name="twitter:card" content="summary_large_image" />
<script type="application/ld+json" class="yoast-schema-graph">{"@context":"https:\/\/schema.org","@graph":[{"@type":"WebPage","@id":"https:\/\/www.immobil-niederkofler.it\/de\/10390-2\/","url":"https:\/\/www.immobil-niederkofler.it\/de\/10390-2\/","name":"- Immobilien Niederkofler","isPartOf":{"@id":"https:\/\/www.immobil-niederkofler.it\/de\/#website"},"datePublished":"2026-03-09T07:28:54+00:00","dateModified":"2026-03-09T07:28:56+00:00","breadcrumb":{"@id":"https:\/\/www.immobil-niederkofler.it\/de\/10390-2\/#breadcrumb"},"inLanguage":"de","potentialAction":[{"@type":"ReadAction","target":["https:\/\/www.immobil-niederkofler.it\/de\/10390-2\/"]}]},{"@type":"BreadcrumbList","@id":"https:\/\/www.immobil-niederkofler.it\/de\/10390-2\/#breadcrumb","itemListElement":[]},{"@type":"WebSite","@id":"https:\/\/www.immobil-niederkofler.it\/de\/#website","url":"https:\/\/www.immobil-niederkofler.it\/de\/","name":"Immobilien Niederkofler","description":"Willkommen bei Immobilien Niederkofler, Ihrem zuverlässigen und kompetenten Immobilienmakler im schönen Südtirol","potentialAction":[{"@type":"SearchAction","target":{"@type":"EntryPoint","urlTemplate":"https:\/\/www.immobil-niederkofler.it\/de\/?s={search_term_string}"},"query-input":{"@type":"PropertyValueSpecification","valueRequired":true,"valueName":"search_term_string"}}],"inLanguage":"de"}]}</script>
<!-- / Yoast SEO plugin. -->

Willkommen bei Immobilien Niederkofler, Ihrem zuverlässigen und kompetenten Immobilienmakler im schönen Südtirol
